246104?
False
Is 102 a factor of 98526186?
True
Is 3073 a factor of 718264089?
False
Does 19 divide 77911586?
False
Does 14 divide 6771691?
False
Is 59 a factor of 103076199?
False
Does 15 divide 7607846370?
True
Does 40 divide 8289336?
False
Is 18055687 a multiple of 49?
False
Is 382 a factor of 14573300?
True
Is 90993456 a multiple of 103?
False
Does 24 divide 19370137?
False
Does 1221 divide 4377285?
True
Is 431 a factor of 186115599?
False
Is 81343807 a multiple of 29?
False
Does 95 divide 1020616736?
False
Is 49 a factor of 87342794?
True
Is 65 a factor of 43778738?
False
Is 22195008 a multiple of 62?
True
Is 2175406014 a multiple of 14?
False
Does 591 divide 18229544?
False
Is 4 a factor of 13439740?
True
Is 9 a factor of 5911940?
False
Is 37 a factor of 261475744?
True
Is 23 a factor of 22892429?
True
Is 325 a factor of 7444450?
True
Does 2470 divide 6076200?
True
Does 2163 divide 740695557?
True
Is 6 a factor of 79049234?
False
Does 2 divide 391148267?
False
Does 67 divide 49294044?
True
Is 27 a factor of 19267079?
False
Is 15679631 a multiple of 2?
False
Does 14 divide 103723690?
True
Is 25 a factor of 50794192?
False
Is 212 a factor of 12734007?
False
Does 1205 divide 585949618?
False
Is 74249630 a multiple of 14?
True
Is 520 a factor of 180298560?
True
Is 188267423 a multiple of 173?
True
Is 76 a factor of 50447471?
False
Does 61 divide 2882473098?
False
Does 291 divide 13044489?
False
Is 4260390 a multiple of 1770?
True
Does 28 divide 1019530193?
False
Is 2094885 even?
False
Is 627 a factor of 13797762?
True
Is 15379305 a multiple of 41?
True
Does 461 divide 2678847489?
True
Is 16074972 a multiple of 35?
False
Is 11 a factor of 27137033?
True
Is 167 a factor of 70663044?
True
Is 688 a factor of 105796486?
False
Is 47359323 a multiple of 33?
True
Does 13 divide 809097475?
False
Does 106 divide 114135394?
True
Is 417 a factor of 15802632?
True
Is 1549 a factor of 81522321?
True
Does 2100 divide 397370400?
True
Does 225 divide 123350625?
True
Does 22 divide 4079020?
True
Does 609 divide 190388858?
False
Does 594 divide 906474266?
False
Is 17416572 a multiple of 155?
False
Is 129148096 a multiple of 3949?
True
Does 669 divide 1491855789?
False
Is 15 a factor of 4364434905?
True
Is 29 a factor of 577233370?
False
Does 112 divide 519059184?
True
Does 13 divide 31876205?
False
Is 370 a factor of 4994533221?
False
Does 22 divide 50635371?
False
Does 8 divide 905009?
False
Is 47300151 a multiple of 135?
False
Does 11 divide 16514751?
True
Is 118 a factor of 2207209824?
True
Is 23005463 a multiple of 11?
False
Is 327 a factor of 471282192?
False
Does 637 divide 152426456?
True
Does 17 divide 26583414?
False
Is 1922637281 a multiple of 85?
False
Does 230 divide 1987419?
False
Is 140 a factor of 150388838?
False
Is 277026931 a multiple of 611?
False
Does 1028 divide 1783309169?
False
Does 42 divide 695016?
True
Is 370 a factor of 4074292?
False
Is 2 a factor of 1419519?
False
Is 46410914 a multiple of 15?
False
Does 2 divide 193263?
False
Is 19669160 a multiple of 8?
True
Does 2 divide 11983561?
False
Is 33 a factor of 252318561?
True
Is 1792 a factor of 19705620?
False
Is 8784881 a multiple of 627?
False
Is 95 a factor of 237886745?
True
Does 23 divide 8207769?
False
Is 901 a factor of 1315141947?
True
Does 26 divide 65443160?
False
Is 606516474 a multiple of 1523?
True
Does 295 divide 187736590?
False
Is 3094605 a multiple of 729?
True
Is 816296840 a multiple of 23?
False
Does 1287 divide 291886414?
False
Is 58712716 a multiple of 179?
True
Does 8 divide 3503338720?
True
Is 1619 a factor of 176124971?
False
Is 34 a factor of 218507297?
False
Does 12 divide 11931744?
True
Is 59 a factor of 78662252?
False
Is 20 a factor of 242081952?
False
Is 42149922 a multiple of 22?
False
Is 6 a factor of 6160427?
False
Is 774318114 a multiple of 1614?
True
Does 246 divide 135695564?
False
Is 42961600 a multiple of 11?
True
Is 291097500 a multiple of 1049?
True
Is 207 a factor of 1274703288?
False
Is 3048075 a multiple of 279?
True
Does 696 divide 23530368?
True
Is 9516058 a multiple of 36?
False
Does 47 divide 403683000?
True
Is 1749813291 a multiple of 1122?
False
Is 65906926 a multiple of 41?
True
Is 50 a factor of 245472350?
True
Does 61 divide 11530037?
True
Is 48333405 a multiple of 281?
True
Is 3 a factor of 12786138?
True
Does 23 divide 19161026?
False
Does 1756 divide 879535473?
False
Does 178 divide 52373413?
False
Is 2488955727 a multiple of 80?
False
Is 27 a factor of 29224592?
False
Is 11 a factor of 55877794?
False
Is 250448294 a multiple of 346?
True
Is 10797600 a multiple of 1650?
True
Is 7 a factor of 28265230?
True
Is 156008944 a multiple of 1193?
False
Is 39 a factor of 18572225?
False
Is 485683096 a multiple of 53?
True
Is 148 a factor of 118169162?
False
Is 3206 a factor of 779638286?
True
Does 27 divide 234806364?
True
Is 290608012 a multiple of 51?
False
Does 4 divide 2892136?
True
Is 32200824 a multiple of 1068?
False
Is 72380109 a multiple of 42?
False
Does 40 divide 28803280?
True
Is 1438 a factor of 259868421?
False
Is 148 a factor of 1033393276?
True
Is 146283535 a multiple of 123?
False
Is 373986669 a multiple of 2490?
False
Is 1188 a factor of 18970512?
False
Is 111 a factor of 203868372?
True
Does 623 divide 606752783?
True
Is 48 a factor of 3446016?
True
Is 7083841 a multiple of 1265?
False
Is 59575477 a multiple of 2271?
False
Does 10 divide 45622760?
True
Is 118128427 a multiple of 134?
False
Does 7725 divide 245021550?
True
Is 30 a factor of 112115143?
False
Does 8 divide 183169480?
True
Is 43545960 a multiple of 3314?
True
Is 54 a factor of 5590176297?
False
Does 37 divide 3076635?
False
Is 2209710520 a multiple of 159?
False
Is 60 a factor of 20826832?
False
Does 80 divide 6760517?
False
Is 1586 a factor of 320073832?
True
Does 1471 divide 797630627?
True
Does 1259 divide 49817371?
True
Is 973932655 a multiple of 730?
False
Does 782 divide 42440704?
True
Does 508 divide 454521316?
True
Is 35 a factor of 254442653?
False
Does 2 divide 16094511?
False
Is 86264815 a multiple of 3633?
False
Does 11 divide 473308783?
False
Is 67684650 a multiple of 1275?
True
Does 385 divide 292405615?
False
Is 33130946 a multiple of 38?
True
Is 313369589 a multiple of 95?
False
Does 1120 divide 660257478?
False
Is 185 a factor of 53056150?
True
Does 1991 divide 328003313?
True
Is 14 a factor of 169155364?
True
Is 848528820 a multiple of 180?
True
Does 1062 divide 105370578?
True
Is 177816646 a multiple of 6062?
True
Is 66947726 a multiple of 365?
False
Is 11385005 a multiple of 27?
False
Does 230 divide 56003009?
False
Is 5621961 a multiple of 123?
True
Is 21747342 a multiple of 87?
False
Is 13 a factor of 416185515?
False
Is 7020657 a multiple of 83?
False
Does 45 divide 844919415?
True
Is 455 a factor of 2902590?
False
Does 23 divide 67497134?
True
Is 260614728 a multiple of 7?
False
Does 13 divide 73035677?
True
Does 12 divide 1542702?
False
Is 146432498 a multiple of 18?
False
Does 70 divide 143055010?
True
Is 54727317 a multiple of 423?
True
Is 7080866 a multiple of 14?
False
Is 93982 a multiple of 2?
True
Does 2648 divide 618011293?
False
Is 21 a factor of 2061297?
True
Is 4605559 a multiple of 193?
True
Is 70133865 a multiple of 122?
False
Is 18 a factor of 58394103?
False
Is 220379801 a multiple of 2478?
False
Is 7247 a factor of 835984932?
True
Is 798044266 a multiple of 59?
True
Is 4052 a factor of 502395857?
False
Is 6354971 a multiple of 19?
False
Is 7476 a factor of 615035568?
True
Is 2 a factor of 18122272?
True
Is 26143038 a multiple of 178?
True
Does 11 divide 2272407?
False
Does 6764 divide 2093548579?
False
Does 1169 divide 155022259?
True
Is 1969 a factor of 592777295?
True
Is 32557234 a multiple of 84?
False
Is 2765148295 a multiple of 1362?
False
Is 16 a factor of 73720496?
True
Does 45 divide 1295415?
True
Is 12 a factor of 94550703?
False
Does 25 divide 885223419?
False
Is 2586485659 a multiple of 9?
False
Does 59 divide 54575656?
False
Is 2593188 a multiple of 4?
True
Is 1363465262 a multiple of 1662?
False
Is 14427736 a multiple of 5?
False
Is 1211027805 a multiple of 6903?
True
Is 69728574 a multiple of 46?
False
Is 729 a factor of 4121997822?
True
Is 75238612 a multiple of 37?
True
Is 6 a factor of 67054376?
